{"id":1114,"date":"2022-10-05T08:11:59","date_gmt":"2022-10-05T08:11:59","guid":{"rendered":"https:\/\/www.sternekueche-macht-schule.de\/?page_id=1114"},"modified":"2024-01-15T20:42:14","modified_gmt":"2024-01-15T20:42:14","slug":"aktivator","status":"publish","type":"page","link":"https:\/\/www.sternekueche-macht-schule.de\/startseite\/aktivator\/","title":{"rendered":"Aktivator"},"content":{"rendered":"\t\t<div data-elementor-type=\"wp-page\" data-elementor-id=\"1114\" class=\"elementor elementor-1114\" data-elementor-post-type=\"page\">\n\t\t\t\t\t\t<section class=\"elementor-section elementor-top-section elementor-element elementor-element-d62b074 elementor-section-height-min-height elementor-section-full_width elementor-section-height-default elementor-section-items-middle wpr-particle-no wpr-jarallax-no wpr-parallax-no wpr-sticky-section-no wpr-equal-height-no\" data-id=\"d62b074\" data-element_type=\"section\" data-e-type=\"section\" data-settings=\"{&quot;background_background&quot;:&quot;classic&quot;,&quot;shape_divider_bottom&quot;:&quot;arrow&quot;}\">\n\t\t\t\t\t\t\t<div class=\"elementor-background-overlay\"><\/div>\n\t\t\t\t\t\t<div class=\"elementor-shape elementor-shape-bottom\" aria-hidden=\"true\" data-negative=\"false\">\n\t\t\t<svg xmlns=\"http:\/\/www.w3.org\/2000\/svg\" viewBox=\"0 0 700 10\" preserveAspectRatio=\"none\">\n\t<path class=\"elementor-shape-fill\" d=\"M350,10L340,0h20L350,10z\"\/>\n<\/svg>\t\t<\/div>\n\t\t\t\t\t<div class=\"elementor-container elementor-column-gap-no\">\n\t\t\t\t\t<div class=\"elementor-column elementor-col-100 elementor-top-column elementor-element elementor-element-358dab48\" data-id=\"358dab48\" data-element_type=\"column\" data-e-type=\"column\">\n\t\t\t<div class=\"elementor-widget-wrap elementor-element-populated\">\n\t\t\t\t\t\t<section class=\"elementor-section elementor-inner-section elementor-element elementor-element-7ff88ae5 elementor-section-boxed elementor-section-height-default elementor-section-height-default wpr-particle-no wpr-jarallax-no wpr-parallax-no wpr-sticky-section-no wpr-equal-height-no\" data-id=\"7ff88ae5\" data-element_type=\"section\" data-e-type=\"section\">\n\t\t\t\t\t\t<div class=\"elementor-container elementor-column-gap-default\">\n\t\t\t\t\t<div class=\"elementor-column elementor-col-100 elementor-inner-column elementor-element elementor-element-1a602b9e\" data-id=\"1a602b9e\" data-element_type=\"column\" data-e-type=\"column\">\n\t\t\t<div class=\"elementor-widget-wrap elementor-element-populated\">\n\t\t\t\t\t\t<div class=\"elementor-element elementor-element-74b56795 elementor-invisible elementor-widget elementor-widget-heading\" data-id=\"74b56795\" data-element_type=\"widget\" data-e-type=\"widget\" data-settings=\"{&quot;_animation&quot;:&quot;fadeInUp&quot;}\" data-widget_type=\"heading.default\">\n\t\t\t\t<div class=\"elementor-widget-container\">\n\t\t\t\t\t<h1 class=\"elementor-heading-title elementor-size-xxl\">Aktivator<\/h1>\t\t\t\t<\/div>\n\t\t\t\t<\/div>\n\t\t\t\t<div class=\"elementor-element elementor-element-02fd58b elementor-fixed elementor-view-framed elementor-shape-square elementor-widget__width-auto elementor-widget elementor-widget-icon\" data-id=\"02fd58b\" data-element_type=\"widget\" data-e-type=\"widget\" data-settings=\"{&quot;_position&quot;:&quot;fixed&quot;,&quot;motion_fx_motion_fx_scrolling&quot;:&quot;yes&quot;,&quot;motion_fx_opacity_effect&quot;:&quot;yes&quot;,&quot;motion_fx_opacity_range&quot;:{&quot;unit&quot;:&quot;%&quot;,&quot;size&quot;:&quot;&quot;,&quot;sizes&quot;:{&quot;start&quot;:16,&quot;end&quot;:40}},&quot;motion_fx_range&quot;:&quot;viewport&quot;,&quot;motion_fx_opacity_direction&quot;:&quot;out-in&quot;,&quot;motion_fx_opacity_level&quot;:{&quot;unit&quot;:&quot;px&quot;,&quot;size&quot;:10,&quot;sizes&quot;:[]},&quot;motion_fx_devices&quot;:[&quot;desktop&quot;,&quot;tablet&quot;,&quot;mobile&quot;]}\" data-widget_type=\"icon.default\">\n\t\t\t\t<div class=\"elementor-widget-container\">\n\t\t\t\t\t\t\t<div class=\"elementor-icon-wrapper\">\n\t\t\t<a class=\"elementor-icon\" href=\"#start\">\n\t\t\t<i aria-hidden=\"true\" class=\"fas fa-arrow-up\"><\/i>\t\t\t<\/a>\n\t\t<\/div>\n\t\t\t\t\t\t<\/div>\n\t\t\t\t<\/div>\n\t\t\t\t\t<\/div>\n\t\t<\/div>\n\t\t\t\t\t<\/div>\n\t\t<\/section>\n\t\t\t\t\t<\/div>\n\t\t<\/div>\n\t\t\t\t\t<\/div>\n\t\t<\/section>\n\t\t\t\t<section class=\"elementor-section elementor-top-section elementor-element elementor-element-1d80cca elementor-section-boxed elementor-section-height-default elementor-section-height-default wpr-particle-no wpr-jarallax-no wpr-parallax-no wpr-sticky-section-no wpr-equal-height-no\" data-id=\"1d80cca\" data-element_type=\"section\" data-e-type=\"section\" data-settings=\"{&quot;background_background&quot;:&quot;classic&quot;}\">\n\t\t\t\t\t\t<div class=\"elementor-container elementor-column-gap-no\">\n\t\t\t\t\t<div class=\"elementor-column elementor-col-100 elementor-top-column elementor-element elementor-element-7bb42cc7\" data-id=\"7bb42cc7\" data-element_type=\"column\" data-e-type=\"column\" data-settings=\"{&quot;background_background&quot;:&quot;classic&quot;}\">\n\t\t\t<div class=\"elementor-widget-wrap elementor-element-populated\">\n\t\t\t\t\t\t<div class=\"elementor-element elementor-element-eab3892 elementor-widget elementor-widget-heading\" data-id=\"eab3892\" data-element_type=\"widget\" data-e-type=\"widget\" data-widget_type=\"heading.default\">\n\t\t\t\t<div class=\"elementor-widget-container\">\n\t\t\t\t\t<h2 class=\"elementor-heading-title elementor-size-xl\">AKTIVATOR-RECHNER<\/h2>\t\t\t\t<\/div>\n\t\t\t\t<\/div>\n\t\t\t\t<div class=\"elementor-element elementor-element-6371bd0 elementor-widget elementor-widget-text-editor\" data-id=\"6371bd0\" data-element_type=\"widget\" data-e-type=\"widget\" data-widget_type=\"text-editor.default\">\n\t\t\t\t<div class=\"elementor-widget-container\">\n\t\t\t\t\t\t\t\t\t<p>Sternekoch Stefan Marquard \u201eaktiviert\u201c Lebensmittel, bevor er sie gart. Dies bedeutet, dass vor der eigentlichen Zubereitung mit einer Salz-Zucker-Mischung im Verh\u00e4ltnis 5:1 gewu\u0308rzt wird. Dadurch kann die Garzeit bei Gemu\u0308se um circa 75 Prozent reduziert werden und die wichtigen Vitamine, Mineralien und Spurenelemente bleiben erhalten. Au\u00dferdem verst\u00e4rkt diese\u00a0Behandlung deutlich den Eigengeschmack, auch von Fleisch und Fisch, da die Gewu\u0308rze im Rohzustand besser in das jeweilige\u00a0Lebensmittel eindringen k\u00f6nnen.<\/p>\t\t\t\t\t\t\t\t<\/div>\n\t\t\t\t<\/div>\n\t\t\t\t<section class=\"elementor-section elementor-inner-section elementor-element elementor-element-73362f8 elementor-section-boxed elementor-section-height-default elementor-section-height-default wpr-particle-no wpr-jarallax-no wpr-parallax-no wpr-sticky-section-no wpr-equal-height-no\" data-id=\"73362f8\" data-element_type=\"section\" data-e-type=\"section\">\n\t\t\t\t\t\t<div class=\"elementor-container elementor-column-gap-default\">\n\t\t\t\t\t<div class=\"elementor-column elementor-col-33 elementor-inner-column elementor-element elementor-element-51c48c2\" data-id=\"51c48c2\" data-element_type=\"column\" data-e-type=\"column\" data-settings=\"{&quot;background_background&quot;:&quot;classic&quot;}\">\n\t\t\t<div class=\"elementor-widget-wrap elementor-element-populated\">\n\t\t\t\t\t\t<div class=\"elementor-element elementor-element-8151f8d elementor-widget elementor-widget-spacer\" data-id=\"8151f8d\" data-element_type=\"widget\" data-e-type=\"widget\" data-widget_type=\"spacer.default\">\n\t\t\t\t<div class=\"elementor-widget-container\">\n\t\t\t\t\t\t\t<div class=\"elementor-spacer\">\n\t\t\t<div class=\"elementor-spacer-inner\"><\/div>\n\t\t<\/div>\n\t\t\t\t\t\t<\/div>\n\t\t\t\t<\/div>\n\t\t\t\t\t<\/div>\n\t\t<\/div>\n\t\t\t\t<div class=\"elementor-column elementor-col-33 elementor-inner-column elementor-element elementor-element-b20b1ca\" data-id=\"b20b1ca\" data-element_type=\"column\" data-e-type=\"column\" data-settings=\"{&quot;background_background&quot;:&quot;classic&quot;}\">\n\t\t\t<div class=\"elementor-widget-wrap elementor-element-populated\">\n\t\t\t\t\t\t<div class=\"elementor-element elementor-element-c365480 elementor-widget elementor-widget-spacer\" data-id=\"c365480\" data-element_type=\"widget\" data-e-type=\"widget\" data-widget_type=\"spacer.default\">\n\t\t\t\t<div class=\"elementor-widget-container\">\n\t\t\t\t\t\t\t<div class=\"elementor-spacer\">\n\t\t\t<div class=\"elementor-spacer-inner\"><\/div>\n\t\t<\/div>\n\t\t\t\t\t\t<\/div>\n\t\t\t\t<\/div>\n\t\t\t\t\t<\/div>\n\t\t<\/div>\n\t\t\t\t<div class=\"elementor-column elementor-col-33 elementor-inner-column elementor-element elementor-element-3b9ee23\" data-id=\"3b9ee23\" data-element_type=\"column\" data-e-type=\"column\" data-settings=\"{&quot;background_background&quot;:&quot;classic&quot;}\">\n\t\t\t<div class=\"elementor-widget-wrap elementor-element-populated\">\n\t\t\t\t\t\t<div class=\"elementor-element elementor-element-f873671 elementor-widget elementor-widget-spacer\" data-id=\"f873671\" data-element_type=\"widget\" data-e-type=\"widget\" data-widget_type=\"spacer.default\">\n\t\t\t\t<div class=\"elementor-widget-container\">\n\t\t\t\t\t\t\t<div class=\"elementor-spacer\">\n\t\t\t<div class=\"elementor-spacer-inner\"><\/div>\n\t\t<\/div>\n\t\t\t\t\t\t<\/div>\n\t\t\t\t<\/div>\n\t\t\t\t\t<\/div>\n\t\t<\/div>\n\t\t\t\t\t<\/div>\n\t\t<\/section>\n\t\t\t\t<div class=\"elementor-element elementor-element-99c086e elementor-widget elementor-widget-text-editor\" data-id=\"99c086e\" data-element_type=\"widget\" data-e-type=\"widget\" data-widget_type=\"text-editor.default\">\n\t\t\t\t<div class=\"elementor-widget-container\">\n\t\t\t\t\t\t\t\t\t<p>Und so wird\u2019s gemacht: Das klein geschnittene Gemu\u0308se (ebenso Fleisch, Gefl\u00fcgel oder Fisch) wird nach der&nbsp;<a href=\"https:\/\/www.sternekueche-macht-schule.de\/wp-content\/uploads\/2022\/10\/SmS_Aktiviertabelle_2019.pdf\" target=\"_blank\" rel=\"noopener\"><b>Aktiviertabelle<\/b><\/a>&nbsp;mit dem Aktivator gewu\u0308rzt. Fu\u0308nf Minuten einwirken lassen. Danach wie gewu\u0308nscht im eigenen Saft fertig du\u0308nsten, braten,&nbsp;kochen oder bei niedrigen Temperaturen im Ofen garen.<\/p>\n<p><b>Hinweis:<\/b> Wenn in den Rezepten beim Garen von Luftfeuchtigkeit die Rede ist, Ihr Ger\u00e4t aber nicht u\u0308ber eine Dampf-Funktion verfu\u0308gt, schieben Sie einfach ein Backblech mit Wasser mit in den Ofen.<\/p>\n<p>Wieviel Aktivator ben\u00f6tigt wird, k\u00f6nnen Sie hier einfach berechnen:<\/p>\t\t\t\t\t\t\t\t<\/div>\n\t\t\t\t<\/div>\n\t\t\t\t<section class=\"elementor-section elementor-inner-section elementor-element elementor-element-e229d62 elementor-section-boxed elementor-section-height-default elementor-section-height-default wpr-particle-no wpr-jarallax-no wpr-parallax-no wpr-sticky-section-no wpr-equal-height-no\" data-id=\"e229d62\" data-element_type=\"section\" data-e-type=\"section\">\n\t\t\t\t\t\t<div class=\"elementor-container elementor-column-gap-default\">\n\t\t\t\t\t<div class=\"elementor-column elementor-col-25 elementor-inner-column elementor-element elementor-element-0789d72\" data-id=\"0789d72\" data-element_type=\"column\" data-e-type=\"column\">\n\t\t\t<div class=\"elementor-widget-wrap\">\n\t\t\t\t\t\t\t<\/div>\n\t\t<\/div>\n\t\t\t\t<div class=\"elementor-column elementor-col-25 elementor-inner-column elementor-element elementor-element-9535e1c\" data-id=\"9535e1c\" data-element_type=\"column\" data-e-type=\"column\">\n\t\t\t<div class=\"elementor-widget-wrap elementor-element-populated\">\n\t\t\t\t\t\t<div class=\"elementor-element elementor-element-81305d3 premium-modal-dismissible-yes elementor-widget elementor-widget-premium-addon-modal-box\" data-id=\"81305d3\" data-element_type=\"widget\" data-e-type=\"widget\" data-settings=\"{&quot;premium_modal_box_animation&quot;:&quot;fadeInDown&quot;}\" data-widget_type=\"premium-addon-modal-box.default\">\n\t\t\t\t<div class=\"elementor-widget-container\">\n\t\t\t\t\t\n\t\t<div class=\"premium-modal-box-container\" data-settings=\"{&quot;trigger&quot;:&quot;button&quot;,&quot;show_on_exit&quot;:false}\">\n\t\t\t<div class=\"premium-modal-trigger-container\">\n\t\t\t\t\t\t\t\t\t<button data-toggle=\"premium-modal\" data-target=\"#premium-modal-81305d3\" type=\"button\" class=\"premium-modal-trigger-btn premium-btn-lg premium-button-none \" data-text=\"Aktivator-Rechner\">\n\n\t\t\t\t\t\t\n\t\t\t\t\t\t<div class=\"premium-button-text-icon-wrapper\">\n\t\t\t\t\t\t\t<span>Aktivator-Rechner<\/span>\n\t\t\t\t\t\t<\/div>\n\n\t\t\t\t\t\t\n\t\t\t\t\t\t\n\t\t\t\t\t\t\n\t\t\t\t\t<\/button>\n\t\t\t\t\t\t\t<\/div>\n\n\t\t\t<div id=\"premium-modal-81305d3\" class=\"premium-modal-box-modal\"\n\t\t\trole=\"dialog\"\n\t\t\tstyle=\"display: none\"\n\t\t\t>\n\t\t\t\t<div class=\"premium-modal-box-modal-dialog\" data-delay-animation=\"\" data-modal-animation=\"fadeInDown animated-fast\">\n\t\t\t\t\t\t\t\t\t\t\t<div class=\"premium-modal-box-modal-header\">\n\t\t\t\t\t\t\t\t\t\t\t\t\t\t\t<h3 class=\"premium-modal-box-modal-title\">\n\t\t\t\t\t\t\t\t\tAKTIVATOR-RECHNER\t\t\t\t\t\t\t\t<\/h3>\n\t\t\t\t\t\t\t\t\t\t\t\t\t\t\t\t\t\t\t\t<\/div>\n\t\t\t\t\t\t\t\t\t\t<div class=\"premium-modal-box-modal-body\">\n\t\t\t\t\t\t\n\t\t\t\t\t\t\t<style>.elementor-768 .elementor-element.elementor-element-e35194c > .elementor-container{max-width:630px;}.elementor-768 .elementor-element.elementor-element-e35194c{transition:background 0.3s, border 0.3s, border-radius 0.3s, box-shadow 0.3s;}.elementor-768 .elementor-element.elementor-element-e35194c > .elementor-background-overlay{transition:background 0.3s, border-radius 0.3s, opacity 0.3s;}.elementor-768 .elementor-element.elementor-element-03c2487:not(.elementor-motion-effects-element-type-background) > .elementor-widget-wrap, .elementor-768 .elementor-element.elementor-element-03c2487 > .elementor-widget-wrap > .elementor-motion-effects-container > .elementor-motion-effects-layer{background-color:var( --e-global-color-primary );}.elementor-768 .elementor-element.elementor-element-03c2487 > .elementor-element-populated{transition:background 0.3s, border 0.3s, border-radius 0.3s, box-shadow 0.3s;}.elementor-768 .elementor-element.elementor-element-03c2487 > .elementor-element-populated > .elementor-background-overlay{transition:background 0.3s, border-radius 0.3s, opacity 0.3s;}.elementor-768 .elementor-element.elementor-element-2d56604 > .elementor-widget-container{padding:5px 5px 5px 5px;}<\/style>\t\t<div data-elementor-type=\"page\" data-elementor-id=\"768\" class=\"elementor elementor-768\" data-elementor-post-type=\"elementor_library\">\n\t\t\t\t\t\t<section class=\"elementor-section elementor-top-section elementor-element elementor-element-e35194c elementor-section-boxed elementor-section-height-default elementor-section-height-default wpr-particle-no wpr-jarallax-no wpr-parallax-no wpr-sticky-section-no wpr-equal-height-no\" data-id=\"e35194c\" data-element_type=\"section\" data-e-type=\"section\" data-settings=\"{&quot;background_background&quot;:&quot;classic&quot;}\">\n\t\t\t\t\t\t<div class=\"elementor-container elementor-column-gap-default\">\n\t\t\t\t\t<div class=\"elementor-column elementor-col-100 elementor-top-column elementor-element elementor-element-03c2487\" data-id=\"03c2487\" data-element_type=\"column\" data-e-type=\"column\" data-settings=\"{&quot;background_background&quot;:&quot;classic&quot;}\">\n\t\t\t<div class=\"elementor-widget-wrap elementor-element-populated\">\n\t\t\t\t\t\t<div class=\"elementor-element elementor-element-2d56604 elementor-widget elementor-widget-html\" data-id=\"2d56604\" data-element_type=\"widget\" data-e-type=\"widget\" data-widget_type=\"html.default\">\n\t\t\t\t<div class=\"elementor-widget-container\">\n\t\t\t\t\t\n<html lang=\"de\">\n<head>\n\n\t\t<script src=\"https:\/\/ajax.googleapis.com\/ajax\/libs\/jquery\/3.6.1\/jquery.min.js\">type=\"text\/javascript\">type=\"text\/javascript\"><\/script>\n\t\n\t<style>\n\t.aktivator #selector\t\n\t        { padding:7px; margin-top:10px; width:100%; font-size:15px;-webkit-border-radius: 3px; border:solid 1px #999;-moz-border-radius: 3px;border-radius: 3px; }\n\t.aktivator .menge\t\t{ padding:7px; margin-top:-7px; width:75px; float:right; font-size:15px;-webkit-border-radius: 3px;-moz-border-radius: 3x;border-radius: 3px; border:solid 1px #999; }\n\t.aktivator \t\t\t\t{ text-align:left;  }\n\th2 \t\t\t\t\t\t{ font-weight:normal; font-size:18px; }\n\t.result h2\t\t\t\t{ display:block; text-align:center; line-height:25px; }\n\t.result\t\t\t\t\t{ display:block; background-color:#efefef; border:solid 1px #cdcdcd; padding:10px; }\n\t.result-item\t\t\t{ display:block; position:relative; float:left; background-color:#fff; margin-right:5px; margin-bottom:15px; margin-left:5px; padding: 45px 10px 10px 10px; text-align:center;-webkit-box-shadow: 0px 0px 15px 0px rgba(0,0,0,0.15);-moz-box-shadow: 0px 0px 15px 0px rgba(0,0,0,0.15);box-shadow: 0px 0px 15px 0px rgba(0,0,0,0.15);}\n\t.result-item span\t\t{ display:block; position:absolute; top:0; left:0; right:0; background-color:#b9252d; padding:7px 10px; color:#fff;text-align:center; text-shadow: 0 1px 0 rgba(0,0,0,0.4);}\n\t.error\t\t\t\t\t{ display:none; position:absolute; bottom:220px!important; left:0; right:0; background-color:#b9252d; color:#fff; text-align:center; padding: 7px 10px; width:100%; -webkit-box-shadow: none;-moz-box-shadow: none;box-shadow: none;-webkit-border-bottom-right-radius: 4px;-webkit-border-bottom-left-radius: 4px;-moz-border-radius-bottomright: 4px;-moz-border-radius-bottomleft: 4px;border-bottom-right-radius: 4px;border-bottom-left-radius: 4px; }\n\n\tbutton { padding: 8px 20px; background-color:white; border-color:black; color:black;}\n\t#calc { float:right; }\n\t.result { background-color:white; }\n\t.result h2 { margin:0; font-size:20px;}\n\t.result-item {width:31.5%;}\n\t.error { bottom:0; left:-4px; }\n\tbutton:hover{background-color:lightgrey;color:black;}\n\tbutton:focus{background-color:white;color:black; outline:none!important};\n\n\t\t<\/style>\n<\/head>\n<body>\n\n\n\n\n<div class=\"aktivator\">\n\n\n<p>\n\t\n\n\t<b>1.) Bitte ein Lebensmittel w\u00e4hlen:<\/b>\n\t<select id=\"selector\">\t\t\n\t\t<option value=\"0\"><\/option>\n\t\t<option value=\"12\">Gem\u00fcse<\/option>\n\t\t<option value=\"12\">Fisch<\/option>\n\t\t<option value=\"12\">Gambas, Weichtiere, Schalentiere<\/option>\n\t\t<option value=\"15\">Fleischstreifen<\/option>\n\t\t<option value=\"15\">Fleischw\u00fcrfel - klein<\/option>\n\t\t<option value=\"18\">Fleischw\u00fcrfel - gro\u00df<\/option>\n\t\t<option value=\"18\">Steak<\/option>\n\t\t<option value=\"20\">Hackfleisch<\/option>\n\t\t<option value=\"25\">Fleischst\u00fccke (gro\u00df, \u00fcber 1kg)<\/option>\n\t<\/select>\n\t<br \/><br \/>\n\n\t<input type=\"text\" id=\"txt\" class=\"menge\" maxlength=\"6\" onkeypress=\"validate(event)\"><\/input>\n\t<b>2.) Menge des Lebensmittels angeben (in Gramm):<\/b>\n\t\n\t<div id=\"output\"><\/div>\n\n\n<\/p>\n<div class=\"error\">Bitte f\u00fcllen Sie alle Felder aus!<\/div>\n<\/div>\n<br \/>\n<button onclick=\"location.reload();\">schlie\u00dfen<\/button>\n\n<button class=\"remodal-confirm\" id=\"calc\">berechnen<\/button>\n\n \n  \n<script>\n\t\n\t$('#calc').click(function(){\n\t\tvar str = \"\";\n\t\tvar val = 0;\n\t\tvar txt = $('#txt').val();\n\t    $( \"select option:selected\" ).each(function() {\t    \t\n\t      str += $(this).text() + \" \";\n\t      val = $(this).val();\n\t    });\t\n\n\t    if(val != 0 && txt != '') {\n\t    \tcalculate(str,val,txt);\n\t    \t$(this).text('neu berechnen');\n\t    \t$(this).css('width','170px');\n\t    \t$('.error').hide();\n\t    } else {\n\t    \t$('.error').show();\n\t    }\t    \n\t});\n\n\n\n\tfunction calculate(str,val,txt) {\n\n\t\ttxt = txt.replace(',','.');\n\n\t\tvar calc = txt \/ 1000; \/\/ pro KG\n\t\tcalc = calc * val;\n\n\t\tvar salz = calc \/ 6 * 5;\n\t\tvar zucker = calc \/ 6;\n\n\t\tcalc = Math.round(calc * 10) \/ 10;\n\t\tsalz = Math.round(salz * 10) \/ 10;\n\t\tzucker = Math.round(zucker * 10) \/ 10;\n\n\t\tvar output = '<div class=\"result\">';\n\t\toutput += '<h2>Aktivator-Berechnung f\u00fcr:<br>'+txt.replace('.',',')+'g '+str+'<\/h2><br \/>';\n\t\toutput += '<div class=\"result-item\"><span>Aktivator<\/span>'+calc+'g<\/div>';\n\t\toutput += '<div class=\"result-item\"><span style=\"background-color:#64b03b\">Salz<\/span>'+salz+'g<\/div>';\n\t\toutput += '<div class=\"result-item\" style=\"margin-right:0px;\"><span style=\"background-color:#64b03b\">Zucker<\/span>'+zucker+'g<\/div>';\n\t\toutput += '<div style=\"clear:left;\"><\/div>';\n\t\toutput += '<\/div>';\n\n\t\t\/\/<b>Lebensmittel:<\/b> ' + str + '('+val+'g Aktivator pro kg)<br><b>Aktivator:<\/b> ' + calc + 'g<br><b>Anteil Zucker:<\/b> '+zucker+'g<br><b>Anteil Salz:<\/b> '+salz+'g'\n\n\n\t\t$('#output').html('<br>' + output);\n\t}\n\n\n\t$('#close').click(function(){\n\t\t$('#selector').val('0');\n\t\t$('#txt').val('');\n\t\t$('#output').html('');\n\t});\n\n\tfunction validate(evt) {\n\t  var theEvent = evt || window.event;\n\t  var key = theEvent.keyCode || theEvent.which;\n\t  key = String.fromCharCode( key );\n\t  var regex = \/[0-9]|\\,|\\.\/;\n\t  if(!regex.test(key) && !key==8) {\n\t    theEvent.returnValue = false;\n\t    if(theEvent.preventDefault) theEvent.preventDefault();\n\t  }\n\t}\n<\/script>\n\n<\/body>\n<\/html>\n\t\t\t\t<\/div>\n\t\t\t\t<\/div>\n\t\t\t\t\t<\/div>\n\t\t<\/div>\n\t\t\t\t\t<\/div>\n\t\t<\/section>\n\t\t\t\t<\/div>\n\t\t\n\t\t\t\t\t\t\t\t\t\t\t<\/div>\n\t\t\t\t\t\t\t\t\t<\/div>\n\t\t\t<\/div>\n\t\t<\/div>\n\t\t\t\t\t\t<\/div>\n\t\t\t\t<\/div>\n\t\t\t\t\t<\/div>\n\t\t<\/div>\n\t\t\t\t<div class=\"elementor-column elementor-col-25 elementor-inner-column elementor-element elementor-element-fa0311a\" data-id=\"fa0311a\" data-element_type=\"column\" data-e-type=\"column\">\n\t\t\t<div class=\"elementor-widget-wrap elementor-element-populated\">\n\t\t\t\t\t\t<div class=\"elementor-element elementor-element-f8a0758 elementor-align-center elementor-widget elementor-widget-button\" data-id=\"f8a0758\" data-element_type=\"widget\" data-e-type=\"widget\" data-widget_type=\"button.default\">\n\t\t\t\t<div class=\"elementor-widget-container\">\n\t\t\t\t\t\t\t\t\t<div class=\"elementor-button-wrapper\">\n\t\t\t\t\t<a class=\"elementor-button elementor-button-link elementor-size-lg\" href=\"https:\/\/www.sternekueche-macht-schule.de\/wp-content\/uploads\/2023\/06\/Aktiviertabelle_2022.pdf\" target=\"_blank\">\n\t\t\t\t\t\t<span class=\"elementor-button-content-wrapper\">\n\t\t\t\t\t\t\t\t\t<span class=\"elementor-button-text\">Aktiviertabelle<\/span>\n\t\t\t\t\t<\/span>\n\t\t\t\t\t<\/a>\n\t\t\t\t<\/div>\n\t\t\t\t\t\t\t\t<\/div>\n\t\t\t\t<\/div>\n\t\t\t\t\t<\/div>\n\t\t<\/div>\n\t\t\t\t<div class=\"elementor-column elementor-col-25 elementor-inner-column elementor-element elementor-element-92a2fd6\" data-id=\"92a2fd6\" data-element_type=\"column\" data-e-type=\"column\">\n\t\t\t<div class=\"elementor-widget-wrap\">\n\t\t\t\t\t\t\t<\/div>\n\t\t<\/div>\n\t\t\t\t\t<\/div>\n\t\t<\/section>\n\t\t\t\t\t<\/div>\n\t\t<\/div>\n\t\t\t\t\t<\/div>\n\t\t<\/section>\n\t\t\t\t<\/div>\n\t\t","protected":false},"excerpt":{"rendered":"<p>Aktivator AKTIVATOR-RECHNER Sternekoch Stefan Marquard \u201eaktiviert\u201c Lebensmittel, bevor er sie gart. Dies bedeutet, dass vor der eigentlichen Zubereitung mit einer Salz-Zucker-Mischung im Verh\u00e4ltnis 5:1 gewu\u0308rzt wird. Dadurch kann die Garzeit bei Gemu\u0308se um circa 75 Prozent reduziert werden und die wichtigen Vitamine, Mineralien und Spurenelemente bleiben erhalten. Au\u00dferdem verst\u00e4rkt diese\u00a0Behandlung deutlich den Eigengeschmack, auch von Fleisch und Fisch, da die Gewu\u0308rze im Rohzustand besser in das jeweilige\u00a0Lebensmittel eindringen k\u00f6nnen. Und so wird\u2019s gemacht: Das klein geschnittene Gemu\u0308se (ebenso Fleisch, Gefl\u00fcgel oder Fisch) wird nach der&nbsp;Aktiviertabelle&nbsp;mit dem Aktivator gewu\u0308rzt. Fu\u0308nf Minuten einwirken lassen. Danach wie gewu\u0308nscht im eigenen Saft fertig du\u0308nsten, braten,&nbsp;kochen oder bei niedrigen Temperaturen im Ofen garen. Hinweis: Wenn in den Rezepten beim Garen von Luftfeuchtigkeit die Rede ist, Ihr Ger\u00e4t aber nicht u\u0308ber eine Dampf-Funktion verfu\u0308gt, schieben Sie einfach ein Backblech mit Wasser mit in den Ofen. Wieviel Aktivator ben\u00f6tigt wird, k\u00f6nnen Sie hier einfach berechnen: Aktivator-Rechner AKTIVATOR-RECHNER 1.) Bitte ein Lebensmittel w\u00e4hlen: Gem\u00fcseFischGambas, Weichtiere, SchalentiereFleischstreifenFleischw\u00fcrfel &#8211; kleinFleischw\u00fcrfel &#8211; gro\u00dfSteakHackfleischFleischst\u00fccke (gro\u00df, \u00fcber 1kg) 2.) Menge des Lebensmittels angeben (in Gramm): Bitte f\u00fcllen Sie alle Felder aus! schlie\u00dfen berechnen Aktiviertabelle<\/p>\n","protected":false},"author":1,"featured_media":0,"parent":0,"menu_order":0,"comment_status":"closed","ping_status":"closed","template":"elementor_header_footer","meta":{"_eb_attr":"","footnotes":""},"class_list":["post-1114","page","type-page","status-publish","hentry"],"jetpack_sharing_enabled":true,"_links":{"self":[{"href":"https:\/\/www.sternekueche-macht-schule.de\/startseite\/wp-json\/wp\/v2\/pages\/1114","targetHints":{"allow":["GET"]}}],"collection":[{"href":"https:\/\/www.sternekueche-macht-schule.de\/startseite\/wp-json\/wp\/v2\/pages"}],"about":[{"href":"https:\/\/www.sternekueche-macht-schule.de\/startseite\/wp-json\/wp\/v2\/types\/page"}],"author":[{"embeddable":true,"href":"https:\/\/www.sternekueche-macht-schule.de\/startseite\/wp-json\/wp\/v2\/users\/1"}],"replies":[{"embeddable":true,"href":"https:\/\/www.sternekueche-macht-schule.de\/startseite\/wp-json\/wp\/v2\/comments?post=1114"}],"version-history":[{"count":97,"href":"https:\/\/www.sternekueche-macht-schule.de\/startseite\/wp-json\/wp\/v2\/pages\/1114\/revisions"}],"predecessor-version":[{"id":4347,"href":"https:\/\/www.sternekueche-macht-schule.de\/startseite\/wp-json\/wp\/v2\/pages\/1114\/revisions\/4347"}],"wp:attachment":[{"href":"https:\/\/www.sternekueche-macht-schule.de\/startseite\/wp-json\/wp\/v2\/media?parent=1114"}],"curies":[{"name":"wp","href":"https:\/\/api.w.org\/{rel}","templated":true}]}}